{"id":95,"date":"2018-11-28T13:10:12","date_gmt":"2018-11-28T12:10:12","guid":{"rendered":"http:\/\/protestants-amay.be\/?page_id=95"},"modified":"2021-11-17T13:46:35","modified_gmt":"2021-11-17T12:46:35","slug":"liens","status":"publish","type":"page","link":"http:\/\/protestants-amay.be\/index.php\/liens\/","title":{"rendered":"Liens"},"content":{"rendered":"<p><a href=\"https:\/\/fr.protestant.link\/\">EPUB &#8211; \u00c9glise Protestante Unie de Belgique<\/a><\/p>\n<p><a href=\"http:\/\/futp.be\">Facult\u00e9 Universitaire de th\u00e9ologie protestante de Bruxelles<\/a><\/p>\n<p><a href=\"https:\/\/theopro.unistra.fr\">Facult\u00e9 de th\u00e9ologie protestante Universit\u00e9 de Strasbourg \u00a0<\/a><\/p>\n<p><a href=\"https:\/\/iptheologie.fr\">Institut protestant de th\u00e9ologie Paris et Montpellier<\/a><\/p>\n<p><a href=\"https:\/\/www.spj.be\/\">Service Protestant de la Jeunesse<\/a><\/p>\n<p><a href=\"https:\/\/www.evangile-et-liberte.net\/\">\u00c9vangile et libert\u00e9<\/a><\/p>\n<p><a href=\"http:\/\/uphuy.be\/\">Unit\u00e9 Pastorale de Huy<\/a><\/p>\n<p><a href=\"https:\/\/aideetreclassement.be\/\">Aide et Reclassement Huy<\/a><\/p>\n<p><a href=\"https:\/\/www.amay.be\/ma-commune\/vie-pratique\/les-cultes?searchterm=cultes\">Cultes \u00e0 Huy<\/a><\/p>\n","protected":false},"excerpt":{"rendered":"<p>EPUB &#8211; \u00c9glise Protestante Unie de Belgique Facult\u00e9 Universitaire de th\u00e9ologie protestante de Bruxelles Facult\u00e9 de th\u00e9ologie protestante Universit\u00e9 de Strasbourg \u00a0 Institut protestant de th\u00e9ologie Paris et Montpellier Service Protestant de la Jeunesse \u00c9vangile et libert\u00e9 Unit\u00e9 Pastorale de Huy Aide et Reclassement Huy Cultes \u00e0 Huy<\/p>\n","protected":false},"author":1,"featured_media":0,"parent":0,"menu_order":0,"comment_status":"closed","ping_status":"closed","template":"","meta":[],"_links":{"self":[{"href":"http:\/\/protestants-amay.be\/index.php\/wp-json\/wp\/v2\/pages\/95"}],"collection":[{"href":"http:\/\/protestants-amay.be\/index.php\/wp-json\/wp\/v2\/pages"}],"about":[{"href":"http:\/\/protestants-amay.be\/index.php\/wp-json\/wp\/v2\/types\/page"}],"author":[{"embeddable":true,"href":"http:\/\/protestants-amay.be\/index.php\/wp-json\/wp\/v2\/users\/1"}],"replies":[{"embeddable":true,"href":"http:\/\/protestants-amay.be\/index.php\/wp-json\/wp\/v2\/comments?post=95"}],"version-history":[{"count":4,"href":"http:\/\/protestants-amay.be\/index.php\/wp-json\/wp\/v2\/pages\/95\/revisions"}],"predecessor-version":[{"id":159,"href":"http:\/\/protestants-amay.be\/index.php\/wp-json\/wp\/v2\/pages\/95\/revisions\/159"}],"wp:attachment":[{"href":"http:\/\/protestants-amay.be\/index.php\/wp-json\/wp\/v2\/media?parent=95"}],"curies":[{"name":"wp","href":"https:\/\/api.w.org\/{rel}","templated":true}]}}