{"id":93,"date":"2018-11-28T11:56:03","date_gmt":"2018-11-28T10:56:03","guid":{"rendered":"http:\/\/protestants-amay.be\/?page_id=93"},"modified":"2022-04-27T14:29:18","modified_gmt":"2022-04-27T12:29:18","slug":"le-culte","status":"publish","type":"page","link":"http:\/\/protestants-amay.be\/index.php\/le-culte\/","title":{"rendered":"Le culte"},"content":{"rendered":"<div class=\"\"><span class=\"\">Le<b class=\"\"> <\/b><\/span><span class=\"\">culte est un moment privil\u00e9gi\u00e9 de C\u00e9l\u00e9bration, de formation et de rassemblement pour la communaut\u00e9. Tous ceux et celles qui le d\u00e9sirent, d&#8217;o\u00f9 qu\u2019il\u00b7elle\u00b7s viennent, peuvent y assister. Le centre du culte est la lecture du texte biblique et la <\/span><span class=\"\">pr\u00e9dication<\/span><span class=\"\">. Les diff\u00e9rents temps du culte sont ponctu\u00e9s par le chant de psaumes et de cantiques permettant \u00e0 l&#8217;assembl\u00e9e de s&#8217;associer au d\u00e9roulement de la liturgie en r\u00e9pondant \u00e0 ce qui est dit, et aussi d&#8217;exprimer avec d&#8217;autres sa louange et sa foi.<\/span><\/div>\n<p class=\"\"><span class=\"\">\u00a0<\/span><\/p>\n<div class=\"\"><span class=\"\">C&#8217;est aussi une possibilit\u00e9 qui est offerte pour faire un pas de plus vers Dieu et vers soi-m\u00eame, ainsi que pour enrichir sa propre lecture de la Bible. De plus, ce qui ne g\u00e2che rien, ce peut \u00eatre la joie de se retrouver ensemble tout simplement.<\/span><\/div>\n<div class=\"\">\u00a0<\/div>\n<div class=\"\"><span class=\"\">Il est ouvert \u00e0 toutes et tous<\/span><\/div>\n<div class=\"\"><span class=\"\">On peut y venir par simple curiosit\u00e9.<\/span><\/div>\n\n\n<p><\/p>\n","protected":false},"excerpt":{"rendered":"<p>Le culte est un moment privil\u00e9gi\u00e9 de C\u00e9l\u00e9bration, de formation et de rassemblement pour la communaut\u00e9. Tous ceux et celles qui le d\u00e9sirent, d&#8217;o\u00f9 qu\u2019il\u00b7elle\u00b7s viennent, peuvent y assister. Le centre du culte est la lecture du texte biblique et la pr\u00e9dication. Les diff\u00e9rents temps du culte sont ponctu\u00e9s par le chant de psaumes et &hellip; <\/p>\n<p class=\"link-more\"><a href=\"http:\/\/protestants-amay.be\/index.php\/le-culte\/\" class=\"more-link\">Continue reading<span class=\"screen-reader-text\"> &#8220;Le culte&#8221;<\/span><\/a><\/p>\n","protected":false},"author":1,"featured_media":0,"parent":0,"menu_order":0,"comment_status":"closed","ping_status":"closed","template":"","meta":[],"_links":{"self":[{"href":"http:\/\/protestants-amay.be\/index.php\/wp-json\/wp\/v2\/pages\/93"}],"collection":[{"href":"http:\/\/protestants-amay.be\/index.php\/wp-json\/wp\/v2\/pages"}],"about":[{"href":"http:\/\/protestants-amay.be\/index.php\/wp-json\/wp\/v2\/types\/page"}],"author":[{"embeddable":true,"href":"http:\/\/protestants-amay.be\/index.php\/wp-json\/wp\/v2\/users\/1"}],"replies":[{"embeddable":true,"href":"http:\/\/protestants-amay.be\/index.php\/wp-json\/wp\/v2\/comments?post=93"}],"version-history":[{"count":3,"href":"http:\/\/protestants-amay.be\/index.php\/wp-json\/wp\/v2\/pages\/93\/revisions"}],"predecessor-version":[{"id":178,"href":"http:\/\/protestants-amay.be\/index.php\/wp-json\/wp\/v2\/pages\/93\/revisions\/178"}],"wp:attachment":[{"href":"http:\/\/protestants-amay.be\/index.php\/wp-json\/wp\/v2\/media?parent=93"}],"curies":[{"name":"wp","href":"https:\/\/api.w.org\/{rel}","templated":true}]}}

<div class=""><span class="">Le<b class=""> </b></span><span class="">culte est un moment privilégié de Célébration, de formation et de rassemblement pour la communauté. Tous ceux et celles qui le désirent, d&#8217;où qu’il·elle·s viennent, peuvent y assister. Le centre du culte est la lecture du texte biblique et la </span><span class="">prédication</span><span class="">. Les différents temps du culte sont ponctués par le chant de psaumes et de cantiques permettant à l&#8217;assemblée de s&#8217;associer au déroulement de la liturgie en répondant à ce qui est dit, et aussi d&#8217;exprimer avec d&#8217;autres sa louange et sa foi.</span></div>
<p class=""><span class=""> </span></p>
<div class=""><span class="">C&#8217;est aussi une possibilité qui est offerte pour faire un pas de plus vers Dieu et vers soi-même, ainsi que pour enrichir sa propre lecture de la Bible. De plus, ce qui ne gâche rien, ce peut être la joie de se retrouver ensemble tout simplement.</span></div>
<div class=""> </div>
<div class=""><span class="">Il est ouvert à toutes et tous</span></div>
<div class=""><span class="">On peut y venir par simple curiosité.</span></div>


<p></p>

<p>Le culte est un moment privilégié de Célébration, de formation et de rassemblement pour la communauté. Tous ceux et celles qui le désirent, d&#8217;où qu’il·elle·s viennent, peuvent y assister. Le centre du culte est la lecture du texte biblique et la prédication. Les différents temps du culte sont ponctués par le chant de psaumes et &hellip; </p>
<p class="link-more"><a href="http://protestants-amay.be/index.php/le-culte/" class="more-link">Continue reading<span class="screen-reader-text"> &#8220;Le culte&#8221;</span></a></p>
